). Determine a(-6).
-4
Let p be (-3 - -2)/((-4)/(-20)). Let n be 2 + 0 - (3 - 5). Let d(j) = 6 - 2 - 3*j + n*j. What is d(p)?
-1
Let r(g) = g**3 - g**2 - g. Let t be r(2). Let q(n) = 3 - t + n - 9. Suppose -2*w + z - 2 - 1 = 0, -4*z + 12 = 5*w. What is q(w)?
-8
Let n(i) = i + 10. Suppose 3*l = -l. What is n(l)?
10
Let k(l) be the second derivative of l**6/360 - l**5/24 - 7*l**4/24 + l**3/6 - l. Let h(c) be the second derivative of k(c). Determine h(5).
-7
Let a(w) be the third derivative of w**6/30 - w**4/24 - 3*w**2. What is a(1)?
3
Let d(i) be the third derivative of -i**4/8 - 2*i**3/3 + 5*i**2. Determine d(-6).
14
Let r(z) = z**3 - 5*z**2 + 4*z - 3. Let y(h) = h**2 - 9*h + 7. Let q be y(9). Suppose -1 = -2*k + q. Calculate r(k).
-3
Let y(c) = c**2 + 3 - 6*c + 2 - 3. Let n(m) = m**3 - 16*m**2 - 16*m - 14. Let t be n(17). What is y(t)?
-7
Suppose -1 = 5*u + 3*b, -14 + 5 = 3*u - b. Let y be -1 + 4 + u/(-1). Let d(w) be the third derivative of w**5/60 - w**4/4 - w**3/6 - 2*w**2. Calculate d(y).
-6
Let x(m) = -75*m + 1. Let s be x(-2). Let i(u) = u - 8*u**2 - s + 151. Give i(-1).
-9
Let f(x) be the third derivative of -x**5/30 - x**4/6 - x**3/6 - 10*x**2. Give f(-3).
-7
Let h(g) be the third derivative of g**6/120 - g**5/6 + 7*g**4/24 - 11*g**3/6 - 9*g**2. Let v(p) = -p**2 + p - 1. Let l(k) = -h(k) + 5*v(k). Determine l(5).
-4
Let t(m) = -m**3 + 4*m**2 + 3*m + 6. Let s(z) = -1. Let u(j) = -j - 2. Let n(x) = 5*s(x) - 2*u(x). Let w be n(3). Give t(w).
-4
Let g(s) be the first derivative of 7*s**5/120 - s**3/3 - 4. Let m(w) be the third derivative of g(w). Calculate m(-1).
-7
Let h(i) = i**2 - 7*i - 2 - 5*i + 3*i + 14*i. Calculate h(-4).
-6
Let i be (-80)/24 - (-1)/3. Let r(l) = l**3 + 4*l**2 - 3. Calculate r(i).
6
Suppose 5*q - 3 = 4*h, 5*h - 5*q = 2*h - 6. Let n be (1 - 2)*-1 - h. Let p(u) = u**2. What is p(n)?
4
Let p = 64 + -45. Let d = p + -21. Let y(i) = i + 3. Determine y(d).
1
Let h(p) = -5*p**3 - 8*p**2 + 6*p + 14. Let o(j) = -9*j**3 - 16*j**2 + 13*j + 27. Let c(b) = -7*h(b) + 4*o(b). Determine c(-9).
1
Suppose 0 = -2*o - 2*u, -o - 3*u + 4 = 14. Suppose o*j + 0*d - 8 = d, 3*d = -9. Let a(y) = -y**2 - y**3 - j - 3*y**2 + 5*y**2. Give a(1).
-1
Let d(s) = 4*s - 1. Let j be (2 - 1)/(2/4). Determine d(j).
7
Let m(z) = z**2 + 2*z + 1. Let w be (1 + 0)/(13/(-39)). What is m(w)?
4
Let p(w) = w + 1. Let z(u) = -u - 1. Let r(y) = -4*p(y) - 5*z(y). What is r(4)?
5
Let t(f) = -8*f**2 + 4*f + 4. Let h(a) be the first derivative of 7*a**3/3 - 2*a**2 - 3*a - 4. Let q(b) = 6*h(b) + 5*t(b). Give q(3).
8
Let w(a) = -5 + 0 + 2*a**2 + 1 - 5*a + 0. Let y(t) = t**3 - 7*t**2 + 2*t - 5. Let z be y(7). Suppose -z = -5*c + 11. Calculate w(c).
8
Let u(a) be the second derivative of -a**6/360 + a**5/15 - 7*a**4/24 + a**3/3 - 2*a. Let n(d) be the second derivative of u(d). Give n(6).
5
Let r(b) = -b**3 - 7*b**2 - 8*b - 9. Let m be r(-6). Let n(g) = 4*g - m*g**2 - 3 + 0 + 1. Calculate n(2).
-6
Let r(x) be the third derivative of -x**4/12 - x**3/6 - 3*x**2. Suppose -3*l - 18 = -3*c, 3*c + c - 23 = 3*l. Determine r(l).
1
Let j = -16 - -12. Let g(o) = o - 1. Give g(j).
-5
Let j(v) = v**2 - 6*v + 5. Let x = 2 - -2. Suppose x*a - 2*a - 8 = 0. What is j(a)?
-3
Let d(f) = -2 + f - 3*f + 0 + 2*f**2 - 19*f**3 + 20*f**3. Calculate d(-2).
2
Suppose 0 = -2*o - 2*o + 16. Suppose -o*t + 2 = -5*t. Let k(c) = -c + 4*c**3 + 3*c**3 + 2*c**2 - 5*c**3. What is k(t)?
-6
Let d(l) = -2 - l - 1 + 5*l - l**3. Let q(k) = k + 8. Let b be q(-6). What is d(b)?
-3
Let x(l) be the first derivative of l**2 + 8*l + 4. Let g(h) = h - 14. Let b be g(0). Let d = -20 - b. Calculate x(d).
-4
Suppose -o + 2 + 1 = 0. Let h(m) = -m + 5 - 2 - o + 2. Let j(s) = -2*s**3 + s. Let b be j(-1). Determine h(b).
1
Let t(q) = q. Let l(b) = 7*b - 1. Let r(h) = l(h) + t(h). Suppose 6*w + 5*i - 30 = w, 0 = -4*w + 2*i - 6. Calculate r(w).
7
Let i(o) = o + 10. Let t be i(-5). Let k(w) = 10 - 4*w + 7*w + 2*w + 3. Let j(s) = -2*s - 6. Let f(c) = -14*j(c) - 6*k(c). What is f(t)?
-4
Let c(j) = j**2 + 3*j + 1. Suppose -5*a - 3*t + 4*t = -30, 2*a + 5*t = -15. Let m(i) = -i + 2. Let q be m(a). Determine c(q).
1
Let d(s) = -s**2 + 5*s - 2. Let y(w) = -w**3 - 6*w**2 + 7*w + 8. Let f be y(-7). Let o be (-8)/(-3)*18/f. What is d(o)?
-8
Suppose 3*q + q = -3*a + 24, a - 8 = 4*q. Let j(k) = -k**3 + 8*k**2 - 5. Calculate j(a).
-5
Let b(n) = n**3 + 10*n**2 + 2. Suppose 40 = d - 5*d. Calculate b(d).
2
Let n(h) = -2*h + 3. Suppose -5*q = 0, 3*t - 2*q = -7 - 5. Let c be 1/4 + (-7)/t. Let g be n(c). Let s(r) = 5*r**2 + 2*r + 1. Determine s(g).
4
Let b(i) = -i - 6. Let n(s) = -4*s**2 + 6*s - 2. Let l be n(2). Determine b(l).
0
Let m = 2 - 2. Let g(y) = 0*y + m*y + 12*y**2 - 11*y**2 - 3. What is g(3)?
6
Let z(s) = 0*s + 0*s + s + 2. Suppose 0*n = -3*n + v + 5, 3*v = 4*n - 15. Let k = n + 2. Calculate z(k).
4
Let m(p) be the third derivative of p**7/2520 + p**6/360 + p**5/30 + 3*p**2. Let b(g) be the third derivative of m(g). What is b(-4)?
-6
Let c be 0/(-3) - (-1 - 1). Let q(t) = -4*t**c - 2*t**2 + 37 - 38. Give q(1).
-7
Suppose 3*n = -2*n - 20. Let f(q) = q + 2. Let z be f(n). Let h(g) = -2*g**2 + 2. Determine h(z).
-6
Let a(c) = -3 - 179*c + 181*c - 2. What is a(6)?
7
Let l(s) be the first derivative of s**4/4 - 5*s**3/3 + s**2/2 + 3*s + 13. Determine l(3).
-12
Let w(g) be the second derivative of 0 - 2/3*g**3 - 1/2*g**2 + 4*g. Give w(2).
-9
Let w(j) = -j**3 + 2*j**2 - 2. Let d be w(2). Let x(u) be the first derivative of 3*u**4/4 + 4*u**3/3 + u**2 - 2*u + 12. Calculate x(d).
-14
Let h(x) = -8*x + 2. Let b(p) = -15*p + 3. Let z(o) = 3*b(o) - 5*h(o). Suppose -4 = 4*i + 4. Calculate z(i).
9
Let r be (-2)/(-4 + 2) - -3. Suppose r*j = -w + 14, -4 = -3*w + j - 1. Suppose 0 = 5*q + w - 27. Let i(s) = s**3 - 4*s**2 - 7*s + 3. Give i(q).
-7
Let m(y) = -4*y**2 - 11*y + 1. Let v(i) = -3*i**2 - 10*i. Let x(f) = 4*m(f) - 5*v(f). What is x(6)?
4
Let q(t) = -6*t - 2. Let d be 38/(-14) - 10/35. Let g be q(d). Suppose -2*y = -6*y + g. Let j(p) = -p - 1. Calculate j(y).
-5
Let k(j) = -9*j - 6. Let l(r) = 13*r + 9. Let x(c) = 7*k(c) + 5*l(c). Determine x(7).
17
Let y(m) = m**3 + m**2 - 4. Suppose -4*v + 4*d - 12 = 0, -4*v - 2*d + 3 = -3. Suppose v = -3*k + 4 + 8. Let l be (0/k)/((-6)/(-2)). Give y(l).
-4
Let q(n) = n**2 - 8*n + 5. Let i = -10 - -19. Let k(a) = -a**2 + 9*a + 6. Let f be k(i). Calculate q(f).
-7
Let g(d) = -2*d - 8. Let l(y) = 2*y + 7. Let h(j) = 6*g(j) + 7*l(j). Let k(t) = -t - 1. Let c be k(-2). Calculate h(c).
3
Suppose 3*b + 0*n + 12 = -3*n, 3*b + 4*n + 17 = 0. Let t(y) be the second derivative of -3*y**5/20 + y**2/2 + 2*y. Determine t(b).
-2
Let j(b) = -b**3 + 2*b**2 - 3*b. Let v be 2 - (1 - (-4 + 6)). Give j(v).
-18
Let c(w) be the third derivative of w**5/60 - w**4/8 - w**3/2 - w**2 - 24*w. What is c(6)?
15
Let m(f) be the second derivative of -7*f**3/6 + f**2/2 - 6*f. Give m(-1).
8
Let p(q) = -4*q**3 + q**2 + 6*q + 6. Let g = -10 - -16. Let d(z) = 5*z**3 - z**2 - 7*z - 6. Let l(k) = g*p(k) + 5*d(k). What is l(0)?
6
Let j(f) = f**2 - 4*f - 2. Let i be j(3). Let v(b) = -b + 1. Let p(w) = w**2 + 9*w - 10. Let x(h) = p(h) + 6*v(h). Give x(i).
6
Suppose 15 = -5*s - 10. Let f(t) be the second derivative of -t**2 + 0 + 3*t - 1/6*t**3. Calculate f(s).
3
Let m(t) = 9*t. Let b(o) = -4*o. Let n(x) = 7*b(x) + 3*m(x). Let j be 1/(-2 + 9/4). Suppose s - j*s - 12 = 3*w, -w + s = -6. What is n(w)?
-1
Let j be ((-10)/6)/(2/6). Let p(q) = 4*q + 6 - 3*q - 3*q**2 + 8*q**2 + q**3. Give p(j).
1
Let b(j) be the second derivative of -j**6/360 + j**5/40 + j**4/12 + j**3/3 + 2*j. Let k(s) be the second derivative of b(s). Let d = 0 + 3. Calculate k(d).
2
Let g(p) be the third derivative of p**4/24 + p**3/6 + 10*p**2. Suppose -2*q - 5 = -4*q - 3*v, -v = -5*q + 4. Calculate g(q).
2
Suppose -4*u + 1 = p - 2, 2*p = u - 3. Let m(j) = -8*j + 2*j + 3*j - 1 + 2*j. Give m(p).
0
Let r(k) = -k**2 - 5*k - 2. Let l(d) = 2*d**2 + 10*d + 4. Let n(w) = 6*l(w) + 11*r(w). Determine n(-5).
2
Suppose -8 + 24 = 4*o, -2*o + 28 = -5*z. Let t(p) be the third derivative of -p**6/120 - p**5/20 + p**4/4 + 5*p**3/6 + 3*p**2. Determine t(z).
-3
Suppose 0 = -10*o + 5*o - 30. Let i(s) = 2*s**3 - 5*s**2 - s**3 + 10*s**2 + 5 - 6*s. What is i(o)?
5
Suppose d - 8 = -3*d. Suppose 12 = 3*y, -t 